 f composite?
True
Let m = 2272 + -369. Is m a composite number?
True
Suppose 4 = o + n, 0 = -2*o - 0*o + 5*n + 1. Suppose 2*v = -o*v - 10. Let w = 49 + v. Is w a composite number?
False
Suppose 2*l - 264 = -84. Let c = l + 37. Is c a composite number?
False
Let u(a) = -3*a**3 + a + 1. Let t be u(-1). Suppose 2*y = 3*y - 4*p - 87, -254 = -t*y + 5*p. Is y prime?
True
Let s(j) = j**2 - 2. Is s(6) prime?
False
Let o = 134 - 17. Let t = o + -38. Is t a prime number?
True
Let n = -453 + 850. Is n composite?
False
Let y(a) = -18*a + 6. Let b be y(11). Let w = -31 - b. Is w composite?
True
Suppose -3*a + 1236 = 5*o, 0*a + o = -a + 410. Is a prime?
False
Let u = 309 + 44. Is u a composite number?
False
Suppose -29 = -3*p + 118. Is p composite?
True
Let n be 66/18 - 2/3. Suppose 0*x = n*x - 1143. Suppose 2*t - x = -t. Is t a prime number?
True
Let c(n) = n**3 - 4*n**2 - 3*n. Let y be c(5). Let h(i) = 13*i - 9. Is h(y) prime?
False
Suppose -4*f = -0*f - 4*b - 2472, 5*b + 25 = 0. Is f a composite number?
False
Let c(a) = -a - 12. Let b be c(-5). Is (-3640)/(-49) - (-2)/b a composite number?
True
Suppose -3*o = -5*i - 1739, -3*o + 5*i - 2845 = -8*o. Is o composite?
True
Let t(y) be the first derivative of 79*y**5/60 - y**4/24 + y**3/6 + y**2/2 + 2. Let w(x) be the second derivative of t(x). Is w(1) a composite number?
False
Let h(y) = 210*y**2 + y + 8. Is h(3) composite?
False
Let q(n) = 2 + n + 4 + 3. Let d be q(-5). Suppose -d*j - 45 = -257. Is j prime?
True
Is 0 + (-531)/(-1) + -2 composite?
True
Let t = 414 - 203. Is t a composite number?
False
Let a(y) = -y**2 - 11*y - 7. Let p be a(-10). Suppose 1051 = p*d + 2*q, -2*d + 5*q - 1066 = -5*d. Is d a composite number?
False
Let p(f) = 2*f + 3 - 7 - f. Let r be p(-3). Let u(o) = -2*o - 7. Is u(r) prime?
True
Let w be 1455/10 - (-1)/2. Let l = w - 19. Is l composite?
False
Suppose 0 = 3*z + 2*z + 40. Is z/28 + 93/7 a composite number?
False
Suppose -693 = 2*b - 3*b + 4*s, 3*s - 3373 = -5*b. Is b composite?
False
Let v be 12/(-9)*27/6. Is (-138)/4*v/9 a prime number?
True
Let l(i) = 3*i**2 + 6. Is l(-9) composite?
True
Let x be (-24)/(-14)*(-28)/(-8). Let b(r) = 23*r + 5. Is b(x) a composite number?
True
Let o be (-9)/6*2*1. Is -1 - -1 - o - -115 a composite number?
True
Is ((-3)/6)/(4/(-3032)*1) prime?
True
Suppose 0 = 2*p - 4*p + 8. Let g = 0 + p. Is g + -2 + 47*1 composite?
True
Let b = 21 + -15. Is b a composite number?
True
Let q = 2 - 0. Let n be (-1)/q*-4 - -2. Suppose n*r - 60 = -4*m, -4*m = r - m - 7. Is r composite?
False
Let v(s) = 4*s - 1. Let h be v(1). Let k = 6 - h. Suppose 0*y - y + 17 = 4*z, -3*z - k*y + 15 = 0. Is z a prime number?
False
Suppose 0 = 5*j - 3*b - 17, 2 - 23 = -5*j + 4*b. Let z(n) = 33*n**2 + 1. Is z(j) a composite number?
True
Let l(q) = 192*q - 1. Is l(1) a composite number?
False
Let g(t) = t**3 + 4*t**2 - 4*t + 2. Let r be g(-4). Let h be 88/(-9) - 4/r. Let w = h - -17. Is w a prime number?
True
Is 62/8*(113 + 3) prime?
False
Let m(x) = 87*x**2 - 3*x - 3. Is m(-1) a composite number?
True
Let m(x) = -2*x + 1. Let z be m(-1). Let q(r) = 10*r**2 - 1. Let f be q(-2). Suppose 2*h - z - f = 0. Is h a prime number?
False
Suppose 4*v - 5*b - 1078 = -0*b, 5*v + 4*b = 1368. Let m = 385 - v. Is m a composite number?
False
Let w be (99/6)/(2/20). Suppose -3*q + w = 2*b, q - 2*b = 5*q - 220. Is q a composite number?
True
Let c(q) be the second derivative of -q**5/20 + 11*q**4/12 - 5*q**3/2 + 3*q**2 + 2*q. Let m be c(10). Let z = m + 99. Is z prime?
False
Let z = 268 + -107. Is z a prime number?
False
Suppose -5*s = -4*s. Suppose -660 = -s*l - 5*l + 5*w, 3*l + 4*w - 389 = 0. Is l a composite number?
False
Let g = 66 - 1. Let s = -133 + g. Let j = s + 137. Is j prime?
False
Let a(t) = -474*t - 2. Let g be a(2). Let k be (-3 + 5)*g/(-4). Suppose 0 = 5*f + z - 445, k = 5*f + 3*z + 30. Is f composite?
False
Let y(a) = 10*a**2 - 5*a + 7. Is y(-6) a composite number?
False
Let w = 3 + 0. Is w/3 + 0 + 32 a composite number?
True
Let w be (-114)/((-3)/3)*-1. Suppose 2*n + 0*n = 400. Let d = w + n. Is d composite?
True
Suppose b + 2 - 7 = 0. Suppose -4*c + 3*r + 3 = 0, 2*c + b*r = 5*c + 6. Let d(y) = y**2 - 3. Is d(c) a prime number?
False
Let a(s) = 5*s**2 + 5*s - 5. Is a(-6) composite?
True
Is ((-332)/(-4))/(-3 - -4) prime?
True
Is (-29)/((-40)/12 - -3) a composite number?
True
Suppose 0 = -3*f + 13 - 4. Suppose -264 = -p - 2*p + c, 0 = f*c - 9. Is p a prime number?
True
Suppose -1507 + 4487 = 10*d. Is d prime?
False
Let n = -13 + 18. Suppose -88 = -2*m + 4*m + n*d, -5*d + 157 = -3*m. Let o = 18 - m. Is o prime?
True
Suppose -2*k - 5*u = -516, k + 2*u + 530 = 3*k. Suppose m = -0*y - 2*y + 93, -3*m = 2*y - k. Is m a prime number?
False
Suppose -2*v + 15 = v. Suppose 4*k - v*n = 53 - 7, k = 5*n + 4. Is k prime?
False
Suppose 5*v = 4*f - 721, -5*f - 2*v + 502 = -424. Let y = f - 129. Suppose d = 4*b - 136, 0*d + y = b + 5*d. Is b prime?
False
Let n(b) = b**3 + 2*b**2. Suppose -2*a - 3*g + 14 = -a, 0 = -5*a + 2*g - 15. Let q be n(a). Is 5/q*6/3 composite?
True
Let o = 225 + -119. Is o prime?
False
Is (-8)/(-20) + 279/15 a prime number?
True
Let m be 4 - 0 - 0/(-2). Suppose -m + 0 = -2*n + 3*r, 4*n = 5*r + 8. Suppose -t + 8 + 8 = -3*a, n*t - 10 = -5*a. Is t a composite number?
True
Suppose 4*j + 102 = 3*j. Let b = j - -689. Is b prime?
True
Suppose 11 = x + 7. Suppose -4*f - 4*j + 96 = 0, x*f + 0*j + 3*j = 95. Is f a prime number?
True
Let k(r) be the first derivative of 4*r**3 + r**2/2 + 6. Is k(-1) a prime number?
True
Let v = -10 + 12. Let h(a) = 45*a - 1. Is h(v) prime?
True
Suppose 29 + 54 = y. Is y a composite number?
False
Let y(o) be the third derivative of o**4/8 + 2*o**3/3 - 3*o**2. Let z(j) = j**2 + 2*j - 3. Let q be z(2). Is y(q) prime?
True
Let v = -57 - -136. Is v a prime number?
True
Let k = -426 - -799. Is k prime?
True
Suppose -4*k - 5*t = -2517, -3*k + 5*t - 1894 = -6*k. Is k prime?
False
Let s = -671 + 1578. Is s composite?
False
Is 7022/2 + 1/(-2)*0 a composite number?
False
Is (1 - (3 - 1))*(-589 + 2) composite?
False
Let x = 122 + -80. Suppose 27 = z - x. Suppose 0 = 3*s - 7*s - 2*y + 92, 4*y + z = 3*s. Is s composite?
False
Suppose 0*q + 5*q - 5 = 0. Suppose 5*l + s = 166, 5 = -s + q. Is l a prime number?
False
Let b = -2 + 6. Suppose 5*g + 11 = -3*q, 3*g - 2*g = -b*q + 8. Suppose -q*u + 70 = -u. Is u a composite number?
True
Let h(v) = 13*v + 3. Let a be h(7). Suppose -b + a = -29. Let q = b - 80. Is q composite?
False
Suppose -8*c = -3*c - 1585. Is c a prime number?
True
Let u(n) = 20*n**2 - 5*n - 4. Is u(-3) composite?
False
Let c be (-57)/(-4) - 6/(-8). Let k be (-2)/5 - (-936)/c. Let f = -29 + k. Is f a prime number?
False
Let n(u) = 6*u**3 + 2*u**2 - 1. Let y be n(-2). Let i = y - -133. Suppose -i = 4*f - 312. Is f a composite number?
True
Let q = -375 + 584. Is q composite?
True
Let p(s) = -128*s - 51. Is p(-26) prime?
False
Suppose 7914 = -4*z + 10*z. Is z a prime number?
True
Suppose 4*l + 6 = 14. Suppose -l*w + 4*n + 522 = 0, -2*n + 487 = 2*w + n. Suppose 0 = 2*t - t - w. Is t composite?
False
Is 784/6 + (-4)/(-12) prime?
True
Suppose -4*d - 20 = 0, 0*d + 5 = -4*l - d. Let i be -3 + 2 + 2 - l. Is (52 + 0 + -3)/i prime?
False
Let t(m) = -m**3 + m + 2. Let s be t(-6). Suppose -y + 0*z - 2*z + 207 = 0, y = 3*z + s. Let u = y + -120. Is u prime?
True
Let q = 19 + 137. Let m = -54 + q. Suppose 2*z - m = 2*b, z + 2*z + b = 145. Is z a prime number?
False
Suppose 6*c - 2*t = 2*c - 18, 0 = 5*c - 2*t + 22. Let g be 4/(c/2) - -24. Suppose 3*k - 38 = 4*l, -2*k - 6 = 2*l - g. Is k a composite number?
True
Suppose 5*y - 2*y = 768. Suppose 40 - y = -s. Suppose -3*q - 15 = -s. Is q composite?
False
Is (8/12)/((-1)/(-39)) prime?
False
Let t(o) = -o**3 + 7*o**2 + 7*o + 10. Let k be t(8). Suppose -k*d - 3 = 1. Is (138/(-3))/(d/3) a composite number?
True
Let i = 0 - -5. Suppose 4*m - l + 0*l = 0, l = -i*m. Suppose -5*o = 2*k - 72 - 103, m = 5*k. Is o prime?
False
Let y be (-4)/(-6) - (-14)/6. Suppose 0 = y*i - 9, 5*i = -2*s + 12 + 41. Is s prime?
True
Suppose 56 = 3*t - 55. Is t prime?
True
Is -7 + 8 - (2 + -212) a composite number?
False
Suppose -3*a + 6 = 0, l - 2*l - a + 159 = 0. Is l composite?
False
Suppose -4*t - 2*q - 90 = 0, -3*q = -3*t - 8*q - 78. Suppose -5*j + 128 +